{"id":51,"date":"2021-06-07T23:07:15","date_gmt":"2021-06-07T21:07:15","guid":{"rendered":"https:\/\/bestejegvet.no\/?page_id=51"},"modified":"2021-06-13T23:18:03","modified_gmt":"2021-06-13T21:18:03","slug":"om","status":"publish","type":"page","link":"https:\/\/bestejegvet.no\/index.php\/om\/","title":{"rendered":"Om meg"},"content":{"rendered":"\n<p class=\"has-drop-cap is-style-default\">Jeg har laget mat s\u00e5 lenge jeg kan huske. Helt siden jeg var ganske liten har matlaging v\u00e6rt det som gj\u00f8r meg glad, \u00e5 st\u00e5 p\u00e5 kj\u00f8kkenet er faktisk det beste jeg vet. N\u00e5 er jeg voksen, og selv om matlaging fremdeles st\u00e5r mitt hjerte n\u00e6r, har jeg forst\u00e5tt at det egentlig er bordet, og menneskene rundt det, som er det viktigste. \u00c5 samle menneskene man liker rundt et bord, er \u00e5 legge til rette for latterkramper og kj\u00e6rlighetserkl\u00e6ringer, diskusjoner og samtaler. Vennskap formes og familier st\u00f8pes rundt bordet. Svulstig sagt, kanskje, men tenk deg om &#8211; det er sannhet i det. Det er som regel hyggelig \u00e5 dele et m\u00e5ltid med noen. Eller et glass vin, eller en kaffe. Eller en av oppskriftene her. Pr\u00f8v, s\u00e5 skal du se.<\/p>\n\n\n\n<p>Marie Wiker, Bj\u00f8lsen, 2021<\/p>\n","protected":false},"excerpt":{"rendered":"<p>Jeg har laget mat s\u00e5 lenge jeg kan huske. Helt siden jeg var ganske liten har matlaging v\u00e6rt det som gj\u00f8r meg glad, \u00e5 st\u00e5..<\/p>\n","protected":false},"author":2,"featured_media":120,"parent":0,"menu_order":0,"comment_status":"closed","ping_status":"closed","template":"","meta":{"om_disable_all_campaigns":false,"_monsterinsights_skip_tracking":false,"_monsterinsights_sitenote_active":false,"_monsterinsights_sitenote_note":"","_monsterinsights_sitenote_category":0,"footnotes":""},"class_list":["post-51","page","type-page","status-publish","has-post-thumbnail","hentry"],"aioseo_notices":[],"jetpack_sharing_enabled":true,"_links":{"self":[{"href":"https:\/\/bestejegvet.no\/index.php\/wp-json\/wp\/v2\/pages\/51","targetHints":{"allow":["GET"]}}],"collection":[{"href":"https:\/\/bestejegvet.no\/index.php\/wp-json\/wp\/v2\/pages"}],"about":[{"href":"https:\/\/bestejegvet.no\/index.php\/wp-json\/wp\/v2\/types\/page"}],"author":[{"embeddable":true,"href":"https:\/\/bestejegvet.no\/index.php\/wp-json\/wp\/v2\/users\/2"}],"replies":[{"embeddable":true,"href":"https:\/\/bestejegvet.no\/index.php\/wp-json\/wp\/v2\/comments?post=51"}],"version-history":[{"count":9,"href":"https:\/\/bestejegvet.no\/index.php\/wp-json\/wp\/v2\/pages\/51\/revisions"}],"predecessor-version":[{"id":137,"href":"https:\/\/bestejegvet.no\/index.php\/wp-json\/wp\/v2\/pages\/51\/revisions\/137"}],"wp:featuredmedia":[{"embeddable":true,"href":"https:\/\/bestejegvet.no\/index.php\/wp-json\/wp\/v2\/media\/120"}],"wp:attachment":[{"href":"https:\/\/bestejegvet.no\/index.php\/wp-json\/wp\/v2\/media?parent=51"}],"curies":[{"name":"wp","href":"https:\/\/api.w.org\/{rel}","templated":true}]}}